 and 11?
11
Let d be 1 - (0 + -13 + 3). Let u(g) be the first derivative of 22*g**3/3 + g**2/2 + 2*g + 2. Let z be u(-2). Calculate the greatest common divisor of d and z.
11
Let y be 8*(3/8)/(3/4). Suppose -4*i - 2*a + 72 = 2*a, -2*a = y*i - 72. Calculate the greatest common divisor of 81 and i.
9
Suppose 3*z - 2*z + 284 = 0. Let n = z - -479. Let j be (-10)/3*n/(-26). Calculate the greatest common divisor of j and 275.
25
Suppose 2*t = 2*d - 68, -6*d - 2*t + 184 = -d. Let y be -23 - -23 - -12*1/1. What is the greatest common divisor of d and y?
12
Let s(b) = b**2 + 4*b + 3. Let m be s(-4). Suppose 4*i - 43 = m*t, -i - 2*t = -4*i + 33. Calculate the highest common divisor of i and 26.
13
Suppose 2 + 50 = w + k, -2*w + 76 = -5*k. Let r(o) = 2*o**3 - 5*o**2 + 5*o - 6. Let z be r(5). What is the highest common divisor of z and w?
48
Let l be (7 - (-95)/(-10))*-34. What is the greatest common divisor of 68 and l?
17
Let q be ((-15)/6 + 0)*(-5236)/85. What is the highest common factor of q and 42?
14
Let o(u) = 10*u. Let b be o(2). Let g be 8/(-1)*6/(-8). Let f be -3*8/g - -8. Calculate the highest common factor of f and b.
4
Let u(g) = 3*g + 5. Let r be u(0). Suppose -r = -2*k + k. Calculate the greatest common factor of 2 and k.
1
Let d be 2 + (-16)/(-12)*-6. Let n be (2 - 0)*(-9)/d. Suppose -n*q + 61 = 7. What is the greatest common divisor of 18 and q?
18
Suppose 0 = -9*j + 597 + 411. What is the greatest common divisor of j and 208?
16
Suppose 5*c - 8 = c. Suppose -3*n + c*n = -15. Suppose -5*b - 3*t = -785, 0 = -4*t + t + n. Calculate the highest common factor of b and 14.
14
Let b = -502 - -580. Let j(z) = 5*z**2 + z + 4. Let h be j(3). Calculate the highest common divisor of b and h.
26
Suppose 5 = q, 4*r - 4*q = -6 - 42. Let g(f) = f**2 + 5*f - 12. Let d be g(r). What is the greatest common factor of 14 and d?
2
Let p(w) = -w**3 + 9*w**2 + 13*w - 36. Let d be p(9). Calculate the highest common factor of d and 135.
27
Suppose 164*b = 89*b + 825. What is the highest common divisor of b and 187?
11
Let n = -20 + 25. Suppose 5*m = -0*m + n. Let f be 36 - (-4 + m + 3). Calculate the highest common divisor of 54 and f.
18
Let i(f) = 4*f + 29. Let m(k) = -21*k - 144. Let q(z) = 11*i(z) + 2*m(z). Let s be q(-13). What is the highest common factor of 35 and s?
5
Let f(w) = -w**3 - 30*w**2 + 67*w - 20. Let m be f(-33). What is the highest common factor of 14 and m?
14
Suppose -18*y = -16*y - 12. What is the highest common factor of y and 69?
3
Let p = -126 - -136. Let q = 5 - -3. Suppose -2*h - 2*h = -q. Calculate the greatest common divisor of p and h.
2
Let q = -9 - -11. Let a(v) = 0 - 7*v + 28*v - q. Let j be a(2). Calculate the greatest common divisor of j and 8.
8
Let m be 4/(-10) + 260/25. Let c be ((-108)/(-63))/((-4)/(-70)). What is the highest common divisor of m and c?
10
Suppose -3*t + 56 = 4*d, -52 - 22 = -5*t + 3*d. Calculate the highest common factor of 752 and t.
16
Suppose 12*c = 17*c - 120. What is the greatest common divisor of c and 108?
12
Suppose -2*v + 9 = -3*q + 24, 0 = -v. Let u be (-43 - (-2 + -37)) + 12*2. What is the highest common divisor of q and u?
5
Let i = 12 - -78. Let a = -71 + i. What is the highest common divisor of 171 and a?
19
Let n(q) = -59*q - 117. Let u be n(-8). Calculate the greatest common divisor of 71 and u.
71
Let w(t) = t**3 - 12*t**2 - 2*t - 132. Let f be w(13). What is the highest common factor of 176 and f?
11
Suppose 14*r - 9 = 11*r. Let b be (r*-2)/(-4*(-3)/(-42)). Calculate the highest common divisor of 84 and b.
21
Suppose 50 = 4*r - 106. Let y = 63 - 50. Calculate the highest common divisor of r and y.
13
Let q = 793 - 707. Calculate the highest common divisor of q and 86.
86
Suppose i = -5*r + 29, -2*r + 18 = -18*i + 20*i. Calculate the greatest common factor of r and 565.
5
Let c(u) = -u**3 + 4*u**2 - 7*u + 21. Let l be c(3). What is the highest common divisor of 9 and l?
9
Let q(u) = 2*u**3 - 26*u**2 + 23*u + 50. Let f be q(12). Calculate the highest common divisor of 4 and f.
2
Let n be ((-40)/(-100))/(1/5). Suppose n*x = 2 - 0. What is the greatest common factor of x and 1?
1
Suppose 111*g = 104*g + 238. What is the highest common divisor of g and 119?
17
Let r(c) = -10*c. Let l be r(1). Let d = l - -13. What is the highest common factor of d and 12?
3
Suppose -30*l = -32*l + 28. What is the greatest common factor of l and 420?
14
Let z be (216/324)/(2/2679). Calculate the highest common factor of z and 19.
19
Let o be (-69)/(-15) + 9/(-15). Let j be (-3)/12 + (-3)/o. Let y be 6 + j/1 + -1. What is the greatest common divisor of y and 6?
2
Let g be (-3)/(1 - 80/68). What is the greatest common factor of 391 and g?
17
Suppose -5*n = 10, n = 2*s - 109 - 25. Calculate the greatest common divisor of s and 1386.
66
Suppose 50*k - 54*k + 8 = 0, -2*o + 490 = 3*k. What is the highest common divisor of o and 22?
22
Let k(b) = -11*b - 512 + 516 + 0*b**2 + 4*b**2. Let u be k(4). What is the highest common factor of 6 and u?
6
Suppose -17*c + 37*c - 800 = 0. Calculate the highest common factor of c and 1160.
40
Suppose 0 = -2*t - 3 + 7. Suppose t*f - 124 = 2*g, -2*g = -3*f - 4*g + 191. What is the highest common factor of f and 21?
21
Let o = -557 - -569. What is the greatest common factor of 384 and o?
12
Let a(j) = 2*j**2 + 12*j + 6. Let m be a(-7). Let o be 46/8 - (m/(-16) + 1). What is the greatest common divisor of 9 and o?
3
Suppose 8*v - 12*v + 24 = 0. Suppose 0 = -3*z + 15, 4*z = f + 16 + v. Let x = f - -6. Calculate the greatest common factor of x and 10.
2
Suppose 3 = t + 4, 5*r = -t + 9. Suppose -4*d + 3*s + 7 = 0, -r*d = -3*d + s + 2. Let a = -4 - -13. What is the greatest common factor of d and a?
1
Let d be 3 + -3 + 4 + -113. Let k = 280 + d. What is the greatest common divisor of 19 and k?
19
Let k(v) = -v**3 + 2*v**2 + v. Let y be k(0). Suppose -3*f - w + 253 = y, -2*f = 3*f - 3*w - 431. What is the greatest common divisor of f and 34?
17
Let i be ((-3)/(-9))/((-146)/(-72) + -2). Calculate the greatest common divisor of i and 42.
6
Let g be (-37)/(-7) + 2/(-7). Let r be (3 + 2)/((-4 + 0)/(-12)). What is the greatest common factor of r and g?
5
Let l be -4 + (-1*122)/1. Let n be l/5*(-80)/24. What is the greatest common divisor of 21 and n?
21
Suppose v = -7 - 65. Let g be (3/8)/((-9)/v). Let w(z) = 2*z**3 + 4*z**2 - 3*z. Let a be w(g). Calculate the highest common divisor of 9 and a.
9
Suppose -10*h = 18 - 118. What is the highest common divisor of h and 45?
5
Suppose -13 = -a - 0. Suppose 14*u = a*u + 30. Calculate the greatest common divisor of u and 120.
30
Suppose 2*o + 228 = 2*h, -54 = -h + 2*o + 57. Let j be ((-195)/h)/(0 - (-1)/(-3)). Calculate the highest common divisor of j and 5.
5
Suppose -566*y + 578*y = 16464. What is the greatest common factor of y and 49?
49
Let a be (-1 - -3)*1*-93. Let z be 1*(-3 + 20/6)*822. Let j = z + a. Calculate the greatest common divisor of j and 11.
11
Let a(u) = 2*u**2 + 12*u + 1. Let z be a(-8). Let t(q) = 10*q - 37. Let b be t(4). Calculate the greatest common divisor of b and z.
3
Let g = -16 - -20. Suppose -2*f + 38 = -g*s - 52, -f = -s - 43. Suppose f = 5*v - 29. Calculate the highest common divisor of 2 and v.
2
Let v(a) = -a**2 - 10*a - 8. Let d be v(-9). What is the greatest common divisor of d and 43?
1
Suppose 3*r - 31 = 4*f, 0 = 4*f - 2 - 6. What is the greatest common factor of r and 793?
13
Suppose 38 = 5*l - 52. What is the greatest common factor of l and 342?
18
Let n = 135 - 24. Suppose -386 = -5*a - n. What is the highest common divisor of 5 and a?
5
Let h(b) = 14*b**2 - 3*b - 9. Let n(c) = -c**2 + c + 1. Let z(j) = h(j) + 6*n(j). Let w be z(-3). Calculate the highest common divisor of 40 and w.
20
Let z be -17*((-243)/(-9))/(-9). Calculate the highest common factor of 3 and z.
3
Let i(b) = b**3 - 9*b**2 + 17*b - 3. Let q be ((-1)/3)/((-7)/147). Let f be i(q). What is the highest common factor of f and 90?
18
Let q be 115*1 + 12 + -11. Let r be (2 - (-1 - -5))/((-4)/q). Suppose -4 = 5*b - 149. Calculate the highest common factor of r and b.
29
Let p be (-2)/5 - 174/(-10). Let u = p + -6. Let n be (-11 - 0)*4/(-2). What is the highest common divisor of n and u?
11
Let s(c) = 5*c - 7. Let p be s(6). Suppose 219*x - 11*x -